= 0. Calculate the greatest common divisor of j and i.
11
Suppose -o = -40 + 31. Suppose 0 = 3*a - 3, -5*h - 3*a = -5*a - 313. Calculate the greatest common divisor of h and o.
9
Let a be 420 - 8*(-2)/4. Let f(y) = -y**3 + 8*y**2 - 3*y - 1. Let m be f(6). Calculate the greatest common factor of m and a.
53
Suppose -3*f + 456 + 369 = 0. Calculate the greatest common factor of 25 and f.
25
Let o(n) = -17*n + 15 + 57*n + n**2 + 79 + 60. Let g be o(-36). Let w(a) = 4*a - 1. Let v be w(4). Calculate the highest common divisor of v and g.
5
Let o be (1*4 + (-266)/56)*-84. What is the highest common factor of o and 84?
21
Suppose 4*b + 1186 - 1218 = 0. What is the greatest common factor of b and 6?
2
Let r be 2/(-7)*(-42)/24*810. Calculate the highest common factor of 15 and r.
15
Let f = -4 - -6. Let i be 14*2 + (-12)/28*-7. Suppose i = l - f. Calculate the highest common factor of 11 and l.
11
Suppose 73 + 53 = -3*z. Let j be 14/z*(4/(-2) - 97). Calculate the greatest common divisor of 3 and j.
3
Let o = 477 - 393. What is the highest common divisor of o and 21?
21
Let s = -232 + 1812. Calculate the highest common factor of 20 and s.
20
Let q(j) = 2*j + 141. Let p be q(23). Calculate the highest common divisor of 77 and p.
11
Let b(z) = z**3 - 11*z**2 + 10*z + 3. Let n be b(10). Suppose -o + 4*t + 4 = 2*o, o - 23 = -n*t. What is the greatest common factor of 88 and o?
8
Suppose 27*i = 223 + 344. What is the highest common divisor of 168 and i?
21
Let y = -43 + 187. Suppose 7 = w + 3. Suppose -36 = w*z - 6*z. Calculate the highest common divisor of y and z.
18
Let w = 167 - 149. Calculate the highest common factor of 42 and w.
6
Suppose u - 602 - 132 = y, 5*u - 3640 = -5*y. Calculate the greatest common divisor of u and 34.
17
Let b = -7 + 61. Suppose -5*m - 5*g + 157 = 7, 3*m - 102 = g. Suppose m = 4*d + 9. What is the highest common factor of b and d?
6
Let u be 2/(5/(255*-1)). Let t = 147 + u. What is the highest common factor of t and 18?
9
Let x = 39 + -36. Suppose -x*z + 30 + 18 = 0. Calculate the greatest common divisor of z and 40.
8
Let a be 50/175 - (-120)/21. Let x(d) = -5*d - 1. Let n be x(-3). Let l = n - a. What is the highest common factor of 2 and l?
2
Suppose 2*z = 8*z - 84. Suppose -9*j + z = -490. Calculate the highest common factor of 7 and j.
7
Suppose 6*c - 13 = -1. Suppose n + 0*x + c*x = 10, 0 = -2*x. Calculate the highest common divisor of 80 and n.
10
Let i = 235 + -37. What is the greatest common factor of i and 22?
22
Suppose -5*z + 262 = 4*q, 5*q - 132 = -4*z + 191. Calculate the greatest common factor of 3 and q.
3
Let z(s) = -137 + 299 - 140 + 19*s - s**2. Let q be z(20). Calculate the highest common factor of 4 and q.
2
Let o be 174/2 - ((-18)/(-6) - 7). What is the greatest common factor of 52 and o?
13
Let y be ((-133)/2 + (-60)/24)*-19. Calculate the highest common divisor of y and 138.
69
Let z be 4/(-12)*-31 - 4/(-6). Calculate the greatest common factor of 187 and z.
11
Let x = 24 + -15. Suppose -8 = -4*p - 0. Let k be (p/(-8))/((-3)/36). Calculate the highest common divisor of k and x.
3
Suppose 3*h - 125 = -41. Suppose -8059*w + 546 = -8046*w. Calculate the greatest common divisor of w and h.
14
Let z be 1/(3/(-12)) - (-33 + -16). Calculate the highest common factor of 15 and z.
15
Suppose -583 + 98 = 5*u. Let r = -59 - u. Suppose 0 = 3*l + 11 - r. Calculate the greatest common factor of l and 63.
9
Let l = -86 - -128. Suppose -10*r = 42*r - 2184. Calculate the greatest common divisor of r and l.
42
Let h = -105 + 105. Suppose 0 = -11*b - h*b + 132. What is the greatest common divisor of b and 6?
6
Suppose 165 = 3*x + 48. Let q = x + 73. What is the greatest common factor of 28 and q?
28
Suppose 69*f - 68*f - 440 = 0. What is the highest common factor of f and 40?
40
Suppose 3*n = 5*i + 184 + 381, -n = -2*i - 190. Suppose -4*t = 2*t - n. Calculate the highest common factor of t and 6.
6
Let c be (-52904)/(-1428) + (-1)/21. What is the greatest common divisor of c and 1369?
37
Let k(h) be the third derivative of -h**4/6 - 8*h**3/3 + 12*h**2. Let b be k(-7). Let l = -266 + 398. Calculate the highest common divisor of b and l.
12
Suppose z - 13 = -4*q, -3*z - 3*q + 12 = -2*z. Suppose -i + 4*i = z. Suppose b - i = -2*j + j, 0 = -2*j + b. Calculate the greatest common divisor of j and 11.
1
Let r(b) = -41*b - 8. Let h be r(-6). Let i = 3612 - 3598. Calculate the greatest common divisor of h and i.
14
Suppose -3*b = -2*r + 39, -4*b = -r + 15 + 7. Let f be 399/19 - 19 - (1 + -1). What is the greatest common divisor of f and r?
2
Let p = 26 + -23. Suppose -m + p*m = 34. Calculate the highest common divisor of m and 136.
17
Suppose -92 - 277 = -d. Calculate the highest common factor of 9 and d.
9
Let h be 39 + (-12)/8*-2. Let x(r) = 2*r + 263. Let u be x(0). Let p = u + -158. What is the highest common divisor of h and p?
21
Let b be 6/4*(-1 + (-85)/(-3)). Let c = b - -95. Calculate the greatest common divisor of c and 17.
17
Let b be 57*((-10)/6 - -3). Let f = 85 - b. What is the greatest common divisor of f and 36?
9
Suppose 9020 = 143*r - 1276. What is the highest common factor of r and 232?
8
Let t(b) = -5*b + 3. Let n be t(2). Let j be (-18)/21*n/(-1). Let f be (-34)/(-3) - 4/j. Calculate the highest common divisor of 12 and f.
12
Let u be (19/(-2))/((-4)/8). Suppose -4*x - 156 = 5*a - 400, -3*a = 4*x - 140. Let z = a - u. What is the greatest common factor of z and 3?
3
Let o be 0 + 1 - (2 + -45). Suppose -4*x - 4*a - 249 = 83, -2*x - a = 161. Let b be (-1*22/6)/(13/x). Calculate the highest common factor of o and b.
22
Suppose -191 = -12*d + 13. What is the greatest common divisor of 459 and d?
17
Let s(r) = 25*r + 3. Let l be s(-1). Let h be (-16)/88 - 598/l. Calculate the highest common divisor of h and 108.
27
Suppose 9 = -31*d + 40. Let x(j) = -j**2 - 7*j + 10. Let l be x(-8). Suppose 0 = l*u - 1 - 9. What is the greatest common divisor of d and u?
1
Let j(x) = 2*x**3 - x**2 - 3*x + 2. Let g be j(2). Suppose -n + 2 = -0. Suppose n*o + 7 = 87. What is the greatest common divisor of o and g?
8
Suppose 4*z = -5 + 25. Suppose -7 = -5*x + 3. Suppose -5*w + 9 = -u, 29 - z = 5*u - x*w. What is the highest common divisor of u and 3?
3
Let n = 35 + -23. Suppose -n = -5*l + 8. What is the greatest common divisor of 3 and l?
1
Let p = 32 - 25. Suppose 0 = -2*s + 2*w + 122, 0 = 4*s - 6*w + 4*w - 234. What is the greatest common divisor of s and p?
7
Let k = 158 + -87. Suppose t - k - 4 = 0. What is the greatest common factor of 5 and t?
5
Let t(b) = 30*b + 76. Let y be t(9). Calculate the greatest common factor of 2 and y.
2
Let j be -112*(-4)/(16/3). Let v(d) = 12*d - 5. Let s(g) = 7*g - 2. Let t(l) = 5*s(l) - 3*v(l). Let p be t(-23). Calculate the highest common factor of j and p.
28
Suppose 72*n - 84*n = -5772. Calculate the greatest common factor of n and 185.
37
Let q = 348 - 176. Calculate the highest common factor of q and 8.
4
Suppose 6*t = 16*t - 100. Suppose 166 + t = 4*b. What is the highest common divisor of b and 8?
4
Suppose -4*t = 2*l - 568 + 32, -2*l = 3*t - 535. What is the greatest common divisor of l and 38?
38
Let p be (-1)/(-3) - 70/(-6). Let z(q) = q**3 + 25*q**2 + 4*q + 103. Let j be z(-25). Calculate the greatest common divisor of p and j.
3
Suppose -3*g + 5*f - 1 = 0, f + 9 = 5*g - 4. Suppose g*d = 4*d. Suppose b - 3 = -d. Calculate the highest common factor of b and 21.
3
Let b(q) = -41*q + 29. Let h be b(-19). What is the greatest common factor of h and 8?
8
Suppose 5*k - 3*c - 35 = 0, -2*k - 4 = -5*c + 1. Let u be (0 - 60)/(3/(-2)). What is the highest common factor of u and k?
10
Let l(k) = 243*k + 12. Let w be l(9). Suppose 0 = 16*j - 105 - w. Let u be (2 + -4)*8*-1. Calculate the highest common factor of u and j.
16
Let q = 229 + -5. Calculate the greatest common divisor of 42 and q.
14
Let p = -11 + 70. Suppose 0 = 3*c - p - 4. What is the greatest common factor of 231 and c?
21
Let p be (11 - -35) + (1 - 7). Let b be (-1 + 1 - -7) + 1. What is the highest common factor of b and p?
8
Suppose 15*y = 822 + 558. What is the greatest common divisor of 207 and y?
23
Let p be (-1)/(2/(-4)) - 0/3. Suppose p*c - 9 - 13 = 0. What is the highest common factor of 11 and c?
11
Let l = 106 - 65. 